rime number?
False
Is 1735937 prime?
False
Is 99893 a prime number?
False
Is 100433 a prime number?
False
Is 31957 prime?
True
Is 1450685 a prime number?
False
Is 4306373 a prime number?
True
Is 3777 a prime number?
False
Is 12097 a prime number?
True
Is 130141 composite?
True
Is 348149 composite?
False
Is 106591 prime?
True
Is 3601 a prime number?
False
Is 91837 composite?
False
Is 73417 prime?
True
Is 93169 a prime number?
True
Is 2777 a prime number?
True
Is 8306 prime?
False
Is 100565 a composite number?
True
Is 8419 prime?
True
Is 305189 a composite number?
True
Is 1061 a composite number?
False
Is 64777 a prime number?
False
Is 4934 a composite number?
True
Is 92921 prime?
True
Is 1382279 a composite number?
False
Is 64217 a composite number?
False
Is 49253 a prime number?
True
Is 93965 prime?
False
Is 105359 a composite number?
False
Is 715123 composite?
False
Is 679593 a composite number?
True
Is 309359 a prime number?
True
Is 272003 a composite number?
False
Is 6237373 prime?
True
Is 751031 composite?
True
Is 11251 a prime number?
True
Is 667417 prime?
True
Is 1186333 a prime number?
False
Is 40813 a composite number?
False
Is 19235 a composite number?
True
Is 13229 a prime number?
True
Is 50455 a composite number?
True
Is 9773 a composite number?
True
Is 22667 a prime number?
False
Is 254333 composite?
True
Is 82651 prime?
True
Is 1069729 composite?
True
Is 41161 a composite number?
False
Is 105953 a prime number?
True
Is 1437991 composite?
False
Is 75347 composite?
False
Is 27723 a prime number?
False
Is 51583 composite?
True
Is 4702 composite?
True
Is 38149 a prime number?
True
Is 317 prime?
True
Is 407437 composite?
False
Is 17077 composite?
False
Is 808829 a prime number?
False
Is 11401 composite?
True
Is 141893 composite?
True
Is 4091 a composite number?
False
Is 152959 composite?
False
Is 144217 prime?
False
Is 59783 prime?
False
Is 313265 composite?
True
Is 45413 composite?
False
Is 1824263 prime?
False
Is 11953 composite?
False
Is 35873 a prime number?
False
Is 3889157 a composite number?
False
Is 11239 a prime number?
True
Is 111913 a composite number?
False
Is 23279 composite?
False
Is 23407 a prime number?
False
Is 748669 a prime number?
True
Is 285377 prime?
True
Is 3967 a composite number?
False
Is 290237 composite?
True
Is 369107 a prime number?
False
Is 114547 a prime number?
True
Is 366583 a composite number?
True
Is 1454863 a composite number?
False
Is 422953 prime?
False
Is 6284462 composite?
True
Is 118127 prime?
True
Is 1111081 prime?
True
Is 4087 composite?
True
Is 1381 a composite number?
False
Is 52757 prime?
True
Is 16573 prime?
True
Is 21247 a composite number?
False
Is 91783 a composite number?
True
Is 167503 a composite number?
True
Is 47181 a prime number?
False
Is 8147 prime?
True
Is 54389 a prime number?
False
Is 156929 a prime number?
False
Is 634927 composite?
False
Is 36321 prime?
False
Is 111169 composite?
True
Is 734 a prime number?
False
Is 9913 composite?
True
Is 46173 a composite number?
True
Is 2800159 prime?
True
Is 37781 prime?
True
Is 4367 a prime number?
False
Is 3073641 composite?
True
Is 9973 a composite number?
False
Is 47543 a composite number?
False
Is 24071 a composite number?
False
Is 22433 a prime number?
True
Is 242621 prime?
True
Is 13367 prime?
True
Is 86977 a prime number?
False
Is 5155 prime?
False
Is 64243 a composite number?
True
Is 136742 composite?
True
Is 445019 a prime number?
True
Is 50683 prime?
True
Is 1151 prime?
True
Is 44837 a prime number?
False
Is 59863 a composite number?
False
Is 700717 prime?
True
Is 514333 composite?
False
Is 98443 a composite number?
False
Is 18947 a composite number?
False
Is 24163 a prime number?
False
Is 135719 prime?
True
Is 80849 a prime number?
True
Is 124793 a composite number?
False
Is 18089 a composite number?
False
Is 19349 a prime number?
False
Is 3943 composite?
False
Is 309929 composite?
False
Is 285223 a prime number?
False
Is 36541 a prime number?
True
Is 1087 composite?
False
Is 11963 a prime number?
False
Is 56845 a composite number?
True
Is 71933 prime?
True
Is 6665183 composite?
True
Is 686417 a prime number?
True
Is 1635443 a prime number?
False
Is 322019 prime?
False
Is 17165 a prime number?
False
Is 1937 composite?
True
Is 53435 a composite number?
True
Is 49253 prime?
True
Is 3624719 composite?
True
Is 132127 a prime number?
False
Is 29303 prime?
True
Is 97081 a prime number?
True
Is 11897 prime?
True
Is 27941 prime?
True
Is 112831 a composite number?
False
Is 1163581 a prime number?
True
Is 587341 composite?
False
Is 9662 a prime number?
False
Is 593305 a prime number?
False
Is 268405 a composite number?
True
Is 253 a prime number?
False
Is 2815 a composite number?
True
Is 317 prime?
True
Is 210991 prime?
False
Is 3299 a composite number?
False
Is 15991 a composite number?
False
Is 431311 prime?
True
Is 127 composite?
False
Is 6673 prime?
True
Is 3109 a prime number?
True
Is 179503 composite?
True
Is 1526573 a composite number?
True
Is 206097 a composite number?
True
Is 14221 composite?
False
Is 12781 composite?
False
Is 658598 a prime number?
False
Is 43481 prime?
True
Is 18529 prime?
False
Is 14137 prime?
False
Is 432227 prime?
True
Is 89153 composite?
False
Is 4000729 a composite number?
True
Is 71705 composite?
True
Is 54751 a prime number?
True
Is 12601 a composite number?
False
Is 5703 composite?
True
Is 54737 a prime number?
False
Is 101999 composite?
False
Is 6287 a composite number?
False
Is 10646 a prime number?
False
Is 81379 a prime number?
False
Is 1462157 a prime number?
True
Is 11531 a composite number?
True
Is 29483 a composite number?
False
Is 146743 prime?
True
Is 11003 a composite number?
False
Is 54971 a composite number?
True
Is 828349 composite?
False
Is 22541 a composite number?
False
Is 4897 composite?
True
Is 461122 a prime number?
False
Is 66919 prime?
True
Is 18731 composite?
False
Is 178387 prime?
False
Is 103099 prime?
True
Is 11558 prime?
False
Is 1991027 composite?
False
Is 590397 prime?
False
Is 5899 composite?
True
Is 31303 a composite number?
True
Is 23791 prime?
False
Is 401743 a prime number?
True
Is 50033 composite?
False
Is 25733 a composite number?
False
Is 83854 a composite number?
True
Is 206447 composite?
False
Is 45529 composite?
True
Is 42949 a prime number?
False
Is 1394383 composite?
False
Is 12055 a composite number?
True
Is 2437 a composite number?
False
Is 622241 prime?
True
Is 40307 a prime number?
False
Is 19645 composite?
True
Is 112963 a composite number?
True
Is 106553 prime?
False
Is 21557 a composite number?
False
Is 4769 a prime number?
False
Is 275245 prime?
False
Is 24589 prime?
False
Is 612167 a prime number?
False
Is 2129 prime?
True
Is 9521 composite?
False
Is 444421 composite?
False
Is 233021 composite?
False
Is 62365 a composite number?
True
Is 59951 prime?
True
Is 312541 a prime number?
False
Is 101629 prime?
False
Is 7499 prime?
True
Is 131581 prime?
True
Is 49277 prime?
True
Is 159535 a composite number?
True
Is 54301 a composite number?
True
Is 23189 a composite number?
False
Is 26459 a composite number?
False
Is 13081 prime?
False
Is 6977 a composite number?
False
Is 5585 a composite number?
True
Is 20161 composite?
False
Is 15419 composite?
True
Is 15815 composite?
True
Is 73771 composite?
False
Is 113062 composite?
True
Is 20051 prime?
True
Is 6434 composite?
True
Is 853 prime?
True
Is 3687 prime?
False
Is 371807 prime?
False
Is 754067 a composite number?
False
Is 5897 composite?
False
Is 95537 composite?
True
Is 506387 composite?
True
Is 2935 composite?
True
Is 5293 a composite number?
True
Is 8207 a composite number?
True
Is 11549 composite?
False
Is 2459 composite?
False
Is 1569719 a prime number?
False
Is 30151 a composite number?
True
Is 151289 a composite number?
False
Is 210439 a prime number?
False
Is 35279 prime?
True
Is 2240369 a prime number?
True
Is 89 a composite number?
False
Is 29371 a prime number?
False
Is 42583 a composite number?
True
Is 12841 a composite number?
False
Is 1101469 prime?
False
Is 3749 a prime number?
False
Is 128189 a composite number?
False
Is 97327 prime?
True
Is 218801 a prime number?
False
Is 5039 a prime number?
True
Is 113241 a prime number?
False
Is 72791 a prime number?
False
Is 599603 composite?
False
